hat is the units digit of 2748?
8
What is the hundreds digit of 4020?
0
What is the units digit of 461?
1
What is the units digit of 2226?
6
What is the hundreds digit of 1542?
5
What is the tens digit of 2993?
9
What is the tens digit of 603?
0
What is the thousands digit of 9469?
9
What is the units digit of 1104?
4
What is the tens digit of 11233?
3
What is the hundreds digit of 13180?
1
What is the units digit of 8217?
7
What is the thousands digit of 3165?
3
What is the tens digit of 4673?
7
What is the units digit of 1922?
2
What is the tens digit of 86280?
8
What is the hundreds digit of 16896?
8
What is the tens digit of 19696?
9
What is the hundreds digit of 1675?
6
What is the hundreds digit of 7758?
7
What is the thousands digit of 2326?
2
What is the hundreds digit of 6086?
0
What is the tens digit of 20847?
4
What is the ten thousands digit of 13928?
1
What is the hundreds digit of 640?
6
What is the hundreds digit of 6410?
4
What is the hundreds digit of 875?
8
What is the ten thousands digit of 56126?
5
What is the tens digit of 2388?
8
What is the tens digit of 3598?
9
What is the thousands digit of 75498?
5
What is the tens digit of 21959?
5
What is the hundreds digit of 7053?
0
What is the tens digit of 344?
4
What is the hundreds digit of 48539?
5
What is the ten thousands digit of 14093?
1
What is the ten thousands digit of 10160?
1
What is the tens digit of 513?
1
What is the hundreds digit of 48543?
5
What is the hundreds digit of 384?
3
What is the thousands digit of 37050?
7
What is the thousands digit of 1148?
1
What is the units digit of 350?
0
What is the hundreds digit of 943?
9
What is the hundreds digit of 3020?
0
What is the hundreds digit of 18066?
0
What is the units digit of 99?
9
What is the units digit of 109388?
8
What is the units digit of 795?
5
What is the ten thousands digit of 12306?
1
What is the hundreds digit of 937?
9
What is the tens digit of 3991?
9
What is the hundreds digit of 548?
5
What is the ten thousands digit of 14604?
1
What is the units digit of 782?
2
What is the hundreds digit of 18524?
5
What is the hundreds digit of 3175?
1
What is the hundreds digit of 5833?
8
What is the units digit of 42613?
3
What is the hundreds digit of 31191?
1
What is the thousands digit of 15933?
5
What is the thousands digit of 2049?
2
What is the units digit of 14997?
7
What is the units digit of 48130?
0
What is the thousands digit of 1188?
1
What is the tens digit of 53093?
9
What is the hundreds digit of 498?
4
What is the tens digit of 5640?
4
What is the hundreds digit of 568?
5
What is the hundreds digit of 12115?
1
What is the tens digit of 2500?
0
What is the thousands digit of 2890?
2
What is the tens digit of 17437?
3
What is the tens digit of 3539?
3
What is the ten thousands digit of 15311?
1
What is the tens digit of 3919?
1
What is the units digit of 50486?
6
What is the hundreds digit of 11727?
7
What is the hundreds digit of 6572?
5
What is the units digit of 475?
5
What is the thousands digit of 19484?
9
What is the ten thousands digit of 10610?
1
What is the units digit of 6799?
9
What is the hundreds digit of 636?
6
What is the thousands digit of 128592?
8
What is the units digit of 10394?
4
What is the units digit of 1124?
4
What is the tens digit of 1155?
5
What is the units digit of 147765?
5
What is the hundreds digit of 14833?
8
What is the tens digit of 796?
9
What is the thousands digit of 22566?
2
What is the tens digit of 7129?
2
What is the units digit of 8516?
6
What is the thousands digit of 10379?
0
What is the units digit of 11177?
7
What is the tens digit of 2497?
9
What is the thousands digit of 11125?
1
What is the ten thousands digit of 33722?
3
What is the tens digit of 9812?
1
What is the hundreds digit of 9858?
8
What is the units digit of 1474?
4
What is the units digit of 1579?
9
What is the hundreds digit of 12779?
7
What is the hundreds digit of 668?
6
What is the hundreds digit of 9658?
6
What is the tens digit of 14952?
5
What is the units digit of 75253?
3
What is the thousands digit of 7779?
7
What is the hundreds digit of 15911?
9
What is the thousands digit of 30272?
0
What is the hundreds digit of 26523?
5
What is the hundreds digit of 4422?
4
What is the hundreds digit of 3104?
1
What is the thousands digit of 8929?
8
What is the hundred thousands digit of 182286?
1
What is the ten thousands digit of 78732?
7
What is the units digit of 1304?
4
What is the thousands digit of 12604?
2
What is the hundreds digit of 5182?
1
What is the units digit of 1359?
9
What is the thousands digit of 52761?
2
What is the ten thousands digit of 13658?
1
What is the hundreds digit of 1396?
3
What is the hundreds digit of 241?
2
What is the thousands digit of 12041?
2
What is the hundreds digit of 1689?
6
What is the thousands digit of 3263?
3
What is the thousands digit of 5583?
5
What is the tens digit of 12050?
5
What is the hundreds digit of 1541?
5
What is the tens digit of 446?
4
What is the thousands digit of 4700?
4
What is the units digit of 623?
3
What is the tens digit of 311?
1
What is the units digit of 6015?
5
What is the hundreds digit of 58316?
3
What is the thousands digit of 2903?
2
What is the tens digit of 781?
8
What is the units digit of 84?
4
What is the units digit of 7410?
0
What is the units digit of 24113?
3
What is the thousands digit of 23788?
3
What is the units digit of 5469?
9
What is the tens digit of 2282?
8
What is the hundreds digit of 1676?
6
What is the tens digit of 8484?
8
What is the tens digit of 1418?
1
What is the thousands digit of 9693?
9
What is the units digit of 3615?
5
What is the thousands digit of 1424?
1
What is the tens digit of 8894?
9
What is the units digit of 13356?
6
What is the ten thousands digit of 45252?
4
What is the units digit of 25?
5
What is the units digit of 9851?
1
What is the hundreds digit of 2442?
4
What is the units digit of 68853?
3
What is the ten thousands digit of 22898?
2
What is the hundreds digit of 11745?
7
What is the tens digit of 617?
1
What is the units digit of 4522?
2
What is the ten thousands digit of 19164?
1
What is the tens digit of 99059?
5
What is the tens digit of 3596?
9
What is the tens digit of 47629?
2
What is the ten thousands digit of 13667?
1
What is the thousands digit of 1047?
1
What is the units digit of 31579?
9
What is the thousands digit of 35065?
5
What is the tens digit of 25080?
8
What is the units digit of 59203?
3
What is the thousands digit of 6457?
6
What is the units digit of 127?
7
What is the hundreds digit of 5925?
9
What is the tens digit of 171024?
2
What is the units digit of 108093?
3
What is the units digit of 103398?
8
What is the hundreds digit of 705?
7
What is the ten thousands digit of 19126?
1
What is the units digit of 2541?
1
What is the thousands digit of 3816?
3
What is the thousands digit of 9937?
9
What is the units digit of 15340?
0
What is the hundreds digit of 32939?
9
What is the tens digit of 80034?
3
What is the thousands digit of 9302?
9
What is the tens digit of 1196?
9
What is the tens digit of 27640?
4
What is the thousands digit of 1878?
1
What is the tens digit of 24?
2
What is the ten thousands digit of 109195?
0
What is the thousands digit of 9315?
9
What is the units digit of 4134?
4
What is the tens digit of 909?
0
What is the units digit of 15527?
7
What is the tens digit of 11000?
0
What is the tens digit of 6184?
8
What is the hundreds digit of 3887?
8
What is the thousands digit of 4562?
4
What is the tens digit of 782?
8
What is the thousands digit of 2415?
2
What is the hundreds digit of 17770?
7
What is the hundreds digit of 1346?
3
What is the thousands digit of 3913?
3
What is the hundreds digit of 254?
2
What is the tens digit of 22356?
5
What is the units digit of 874?
4
What is the tens digit of 272?
7
What is the units digit of 2220?
0
What is the tens digit of 3259?
5
What is the tens digit of 1266?
6
What is the tens digit of 14099?
9
What is the hundreds digit of 760?
7
What is the thousands digit of 1374?
1
What is the ten thousands digit of 62848?
6
What is the thousands digit of 76378?
6
What is the tens digit of 2984?
8
What is the units digit of 974?
4
What is the units digit of 22808?
8
What is t